3
Let a be (-156023)/(-6) + 6 + (-140)/24. What are the prime factors of (-10)/(-75) - a/(-45)?
2, 17
Suppose -16*y + 481258 + 90476 = 2*y. What are the prime factors of y?
23, 1381
Suppose -y - 19*y = 0. Suppose 2*h + 3 + y = s, 3 = s. Suppose -70 = d + 4*j - 214, -4*d - 4*j + 612 = h. What are the prime factors of d?
2, 3, 13
Let j = 39362 - -36958. List the prime factors of j.
2, 3, 5, 53
Suppose 34*j - 41*j = 0. Suppose 13*u = 9*u + 2*s + 2042, j = 3*u - 5*s - 1521. What are the prime factors of u?
2
Let r(c) = 2*c**2 + 31*c + 114. Let n be r(-10). Suppose -n*v + 156 = -5*t + 2758, 4*v = -3*t + 1574. What are the prime factors of t?
2, 3, 29
Let y = 34747 - -10358. What are the prime factors of y?
3, 5, 31, 97
Suppose 8*s - 6*s = 8. Suppose -s*p = -4 + 8. List the prime factors of (-556)/(-4) + -2 - p.
2, 3, 23
List the prime factors of (-273455)/(-20) - (5/60 + (-9)/27).
11, 113
Suppose -4*o = k - 2*o + 4, o - 4 = -2*k. Suppose -k*u - 4 = -8*u. What are the prime factors of (-6 - -9) + u + -2?
2
Suppose 2*a = 4*u - 183270, -4*u + 269*a + 183249 = 264*a. What are the prime factors of u?
45821
Let j = 13117 - 3564. What are the prime factors of j?
41, 233
What are the prime factors of (2 + -3)*((-4)/(-6) + (-51632)/3)?
2, 5, 1721
Let d(l) = -l**2 - 13*l - 6. Let g be d(-12). Suppose 71 = -w - 2*s, -2*w = g*s - s + 140. Let q = -47 - w. List the prime factors of q.
2, 7
Let b(n) = -2086*n - 887. What are the prime factors of b(-2)?
3, 5, 73
Suppose 23*y - 88734 = 75777 + 89455. What are the prime factors of y?
2, 5521
Let x = 54408 + -22207. List the prime factors of x.
13, 2477
Suppose -19 + 29 = 5*v. Suppose -4 = -4*j, -z + 3*j + 17 = v. Suppose 567 = 5*o - z. List the prime factors of o.
3, 13
Suppose 11*h - 15*h + 124 = 0. Suppose h*w = 33*w - 424. What are the prime factors of w?
2, 53
Let v(o) = -1994*o - 2416. List the prime factors of v(-6).
2, 7, 11, 31
Suppose 24*w - 23*w - 200 = 0. Let j = w + 60. Suppose -j = -11*b + 7*b. What are the prime factors of b?
5, 13
Let x = -815 - -456. Let v = x + 650. What are the prime factors of v?
3, 97
List the prime factors of (-8791)/(-447)*(-6)/(-2).
59
Suppose -497 - 277 = -6*c. Let w be (-4)/16 - 229/(-4). Let m = c - w. What are the prime factors of m?
2, 3
List the prime factors of (-5166 - 3/(3 + 0))*(-218 - -217).
5167
Let k = 3872 + -2785. List the prime factors of k.
1087
Let k = -13915 - -60633. What are the prime factors of k?
2, 7, 47, 71
Let z be (-10)/(-1 + 26/28). Suppose 69*h + 5*y = 67*h - 19, 2*y = -h - 7. Suppose z = -h*c + 8*c. List the prime factors of c.
2, 7
Suppose -34*k - 209297 = -785953 - 618988. What are the prime factors of k?
2, 3, 5861
Suppose 3*r = 2*b - 14, -2*b - 3*r = 13 - 3. List the prime factors of ((-1)/1*2 - -1371) + b.
2, 5, 137
Let a(x) be the third derivative of -10/3*x**3 + 12*x**2 - 1/8*x**4 + 1/60*x**5 + 0*x + 0. What are the prime factors of a(9)?
2, 17
Let z(m) be the third derivative of m**5/30 - 3*m**4/8 - 19*m**3/6 - 704*m**2. Let i be (-2)/6 - 26/3. What are the prime factors of z(i)?
2, 7
Suppose -b + 5 - 4 = 0, 0 = -w + b - 1. Suppose -f = f + r - 2922, w = 5*r - 10. List the prime factors of f.
2, 5, 73
Let w(u) = u**3 - 6*u**2 - u + 4. Let j be w(4). Let g = 35 + j. What are the prime factors of (-3411)/(-36) - g/(-12)*1?
5, 19
Let c be (-36)/(-21) - (-6)/21. Let v(t) = t + 26. Let a be v(16). Suppose c*m = 8*m - a. List the prime factors of m.
7
Let k(r) = 4*r**2 - 4*r - 49. Let g be k(-8). Let t = g + -133. Suppose -t = 5*n - 331. List the prime factors of n.
3, 5
Let y = 258 + -246. Suppose 458 = y*t - 862. What are the prime factors of t?
2, 5, 11
Suppose 5*i - 2441 - 4564 = 0. List the prime factors of i.
3, 467
Let p(h) = 4*h - 6*h**2 + h**3 + 5 - 24*h + 0*h**2. Let i be (-2)/(-4)*-15*114/(-95). What are the prime factors of p(i)?
2, 17
Let g = 48 - -16. Suppose -8 = 4*h - g. What are the prime factors of h/63 - 115/(-9) - 2?
11
Suppose -18*z + 273142 = 23*z. List the prime factors of z.
2, 3331
What are the prime factors of (5 + -4)/((-444085)/(-111020)*2 - 8)?
2, 7, 13, 61
Let s be 1*(-30)/10 + 3 + 0. Suppose s = -2*l - l + 735. What are the prime factors of l?
5, 7
Suppose 274*i - 909361 = 1461794 + 5395923. What are the prime factors of i?
3, 11, 859
Suppose -12*c = 5*o - 8*c + 18, 0 = 4*c + 8. List the prime factors of o/6*-4*168102/132.
2, 3, 283
Let c = 54 - 50. Let f = c + 93. Suppose 10 = h - 2*a - f, 2*a + 208 = 2*h. What are the prime factors of h?
101
Suppose 6*r - r - 5*z = 920, 10 = 5*z. Let s be -4*(r/16)/(-3)*2. Let a = -16 + s. List the prime factors of a.
3, 5
Let z(u) = -8*u**2 + 13*u - 13. Let r(t) = t**2 - t. Let f(g) = -3*r(g) - z(g). List the prime factors of f(10).
7, 59
Let q = 54668 + -5928. List the prime factors of q.
2, 5, 2437
Suppose -4*p = 4*l - 5*p - 24067, -18049 = -3*l + p. List the prime factors of l.
2, 3, 17, 59
Let h = -4347 - -4703. List the prime factors of h.
2, 89
Let k(d) = 3*d**2 + 30*d + 30. Let j be k(-9). Let p(y) = 246*y - 5. List the prime factors of p(j).
733
Let j be (2/(-4))/(2/(-4))*0. Suppose j = 3*t - v + 243, -5*v - 6 = 5*t + 399. Let f = 147 + t. List the prime factors of f.
2, 3, 11
Let l(t) be the second derivative of t**3/2 + 15*t**2 + 14*t. Let d be l(-5). Suppose -b + d = -5*y, 5*b + 0*b - 4*y = 138. What are the prime factors of b?
2, 3, 5
Let t be 2*-1 - 0 - (-23 - -21). Suppose 16*y - 13*y + 12 = 0, 5*b + 4*y - 2369 = t. What are the prime factors of b?
3, 53
Suppose -4*c + o = 5982, -4*c - 3*o - 8584 + 2610 = 0. What are the prime factors of (-172)/(-215)*c/(-2)?
2, 13, 23
Let f(d) = -2*d**2 - 42*d - 18. Let h be f(-20). Suppose 90 = -v + 2*s, 5*s = -3*v + s - 280. Let t = h - v. What are the prime factors of t?
2, 3, 19
Suppose 8 + 81 = m. Suppose 0 = -4*q + 5*q + m. What are the prime factors of -7 - q - 12/(-3)?
2, 43
Let g(w) = -10*w - 35. Let h be g(-4). What are the prime factors of (-300)/(-40)*148/h?
2, 3, 37
Suppose 11*a - 16*a + 260 = 0. Let p = a - 54. List the prime factors of (-40 + 0)*p/4.
2, 5
Let n = 27004 - 22421. What are the prime factors of n?
4583
What are the prime factors of ((-4)/(-6))/(40/(-135))*-6232?
2, 3, 19, 41
Let y be (45/(-27))/((-1)/(-12)). List the prime factors of (-6445)/y - 2/8.
2, 7, 23
Let p(s) = -2*s**3 + 5*s**2 - 8*s - 9. Suppose -5*t = -0*t - 60. Suppose -20 + t = 2*d. List the prime factors of p(d).
3, 7, 11
Suppose -9*z = -4*z - 10, 2*z = -4*v + 85892. Suppose v = -41*r + 63*r. What are the prime factors of r?
2, 61
Let f(j) = 3*j**2 + 56*j + 299. List the prime factors of f(-42).
41, 79
Let y(q) = -415*q**3 - 19*q**2 - 34*q + 7. What are the prime factors of y(-2)?
3319
Let m be 2*9/12 - 94/(-4). Suppose -21 = -2*u - m. What are the prime factors of u/3*42/(-8)*10?
5, 7
Let b(t) = t - 5. Let g be b(4). Let n be g + 663/12 + (-6)/24. Let o = n - 43. List the prime factors of o.
11
Let y be (5 - 1)*30/20. Let r be 19/6 + (-1)/y. List the prime factors of -1*(r + 1) - -39.
5, 7
Suppose -2*b + 1842 = 1370 - 12614. What are the prime factors of b?
3, 727
Let h = 81 - 79. Let v be 21 + 3*3/(-18)*h. Let j = v + -5. What are the prime factors of j?
3, 5
Let u(k) = k**2 - 39*k - 669. Let t be u(52). Let o(p) be the first derivative of 11*p**2 - 48*p - 4. List the prime factors of o(t).
2, 53
Suppose -2*i + 4 = 3*t, -4 = 4*i - 6*i - 4*t. Suppose -5*q - 235 = -g - 4*q, i*g - 470 = -2*q. List the prime factors of g.
5, 47
Suppose -12*c + 1 = -11*c, -5*u - 3*c = -49313. What are the prime factors of u?
2, 4931
Let k = -191 + 195. Suppose 3*s - 4*w = 733 + 2439, 5*s - k*w = 5292. What are the prime factors of s?
2, 5, 53
Let c be ((-16)/20)/(2/390). Let v(l) = l**2 + 84*l - 1220. Let u be v(-99). Let y = u + c. List the prime factors of y.
109
Let i(s) = -8*s - 8. Let l(w) = -w. Let h(b) = -i(b) + 2*l(b). Suppose -a = -2*a + 4. List the prime factors of h(a).
2
List the prime factors of 0 + 1 + (-3 - -12362).
2, 3, 5, 103
What are the prime factors of (-2)/8*(-31 + 43)/(3/(-9446))?
2, 4723
Let s be 1*(0/(-4)*-1 + 5). Suppose -s = -22*c + 4131. List the prime factors of c.
2, 47
Suppose 2*p = 7*f - 4*f + 1880, -f - 632 = -2*p. List the prime factors of 17 - 23 - (f + 0).
2, 3, 103
Let n(k) = -k**2 + 29*k - 31. Let h be n(30). Let y 